f + 5*k + 719. Let o = f + -15. Calculate the highest common factor of 14 and o.
14
Let q = 46 - 35. Suppose 4*a - q = 5, -4*k + 100 = a. What is the greatest common factor of k and 168?
24
Let l(o) = -8*o. Let h be l(4). Let z be (-168)/h + (-1)/4. Suppose -z*g + 5*s - 3 + 23 = 0, 6 = 3*s. Calculate the highest common factor of g and 42.
6
Let y(p) = p**2 + 2*p. Suppose 0*o - 2*o = 4*t + 10, 4*o - 28 = 4*t. Let i be y(t). What is the highest common divisor of i and 24?
8
Suppose -123 = -20*h + 97. Calculate the highest common divisor of 451 and h.
11
Let t(d) = 57*d**2 + d - 4. Let x be t(-3). Calculate the highest common factor of x and 46.
46
Let z be -1 - 27 - (-4 - -6). Let l be ((-102)/15 - 2)*z. Calculate the highest common factor of l and 24.
24
Suppose -8*u + 2676 = 1812. Calculate the highest common factor of u and 48.
12
Let p(k) be the second derivative of -7*k**3/3 + 67*k**2/2 - 16*k. Let j be p(-7). What is the greatest common divisor of 15 and j?
15
Let p = 1847 + -1829. Calculate the highest common factor of 282 and p.
6
Let w(i) = -18*i + 136. Let g be w(5). Calculate the highest common factor of 253 and g.
23
Let q(x) = x**2 + 3*x - 8. Let s be q(-5). Suppose -107 - 47 = -s*p. What is the highest common factor of p and 11?
11
Suppose -11*a - 14 = -2*s - 12*a, 4*a + 54 = 3*s. Let j be 7 + 5/((-5)/2). What is the highest common divisor of s and j?
5
Suppose -462*o + 570 = -452*o. What is the greatest common factor of 76 and o?
19
Suppose 0 = -31*h + 99*h - 4760. What is the greatest common divisor of h and 220?
10
Let r = -7017 - -7029. Let q be ((-16)/5)/((-1)/5). Calculate the highest common divisor of r and q.
4
Let g = 8 - 4. Let c(d) = 1 - d + d**3 - 3*d**2 - 2*d + 3 - 3. Let s be c(g). What is the greatest common divisor of 2 and s?
1
Suppose 17*l - 18 = 20*l. Let q be (-5)/(658/(-1421) + l/(-14)). Calculate the greatest common factor of 58 and q.
29
Let a(n) = 12*n**2 - n - 2. Let h be a(-2). Let b(z) = 3*z**2 - 43*z + 118. Let k be b(3). Calculate the greatest common divisor of h and k.
16
Let q(n) = 7*n**2 + 4*n + 4. Let l be q(-8). Suppose 5*f = 2*s - l, -8 = -f - f. What is the greatest common divisor of s and 20?
20
Let v = 2697 - 2691. Let x(r) = r + 2. Let j be x(4). Calculate the highest common divisor of v and j.
6
Let x be 127 - 16/(-6)*27/(-18). What is the highest common factor of x and 3075?
123
Let h = -48 - -74. Let c(b) = -4*b**2 - 17*b - 1. Let d be c(-4). Suppose d*a - 65 - 13 = 0. What is the greatest common divisor of a and h?
26
Let s(a) = -a**3 - 13*a**2 - 41*a - 20. Let x be s(-9). Suppose -100 = -2*u - 2*u. What is the highest common divisor of x and u?
25
Let y(j) be the first derivative of -j**4/4 - 2*j**3/3 + 4*j**2 + 6*j - 4. Let b be y(-4). Calculate the greatest common divisor of 6 and b.
6
Let f(u) = 17*u - 3. Let q be (-2)/7 + (-23)/(-7). Let m be f(q). Suppose 0*z + 2*z - 48 = 0. Calculate the greatest common divisor of m and z.
24
Let q be 262/14 - (-2)/7. Let j(w) = 16*w - 5. Let n be j(11). Calculate the highest common factor of q and n.
19
Suppose -a = -38 + 3. Let m = -46 - -50. Let u be m/(-14) - (-2460)/a. What is the greatest common divisor of 28 and u?
14
Let g be (7 + (3 - (4 - -2)))*21. Calculate the greatest common factor of 3444 and g.
84
Let p(l) = l**2 + 4*l - 5. Let r be p(-6). Let v = -67 + 124. Suppose -v = 5*i - 337. What is the highest common divisor of r and i?
7
Let b(y) = -2*y - 8. Let n be 60*((-98)/(-280) + 3/(-4)). Let g be b(n). Let p(r) = -7*r + 1. Let o be p(-1). Calculate the highest common divisor of g and o.
8
Let g = -263 + 264. Suppose 3*j - 12 = -j. Calculate the highest common divisor of j and g.
1
Let y(s) = -9*s**2 - 2*s - 1. Let b(x) = -17*x**2 - 3*x - 3. Let v(o) = -3*b(o) + 5*y(o). Let i be v(3). Calculate the highest common factor of 11 and i.
11
Suppose 4*m - 700 = -4*i, 49*m - 48*m + 5*i = 171. What is the greatest common factor of m and 242?
22
Let u be (-10*3/(-60))/((-2)/(-40)). What is the greatest common divisor of u and 2?
2
Let d(b) = 8*b**2 + 1. Let l be d(-1). Suppose 3*x = 4*u + 88, 0 = 2*x + 2*u - 68 - 14. What is the highest common divisor of x and l?
9
Suppose 0 = 5*f + 4*c - 39 - 41, 3*f = -3*c + 45. Let x = 122 + -72. Calculate the greatest common factor of x and f.
10
Let f = -9 - -99. Let i = f - 65. What is the highest common divisor of 5 and i?
5
Let x(c) be the second derivative of c**3/6 - 5*c**2/2 - 4*c. Let m be x(7). Suppose 0 = -m*f + 55 + 53. What is the greatest common divisor of f and 135?
27
Suppose -3*l - 275 = -5*h, 0 = l - 0*l - 5*h + 95. Let u = -81 - l. What is the highest common divisor of 9 and u?
9
Let c(f) = -f**3 + 7*f**2 + f - 6. Let x be c(7). Let p be x + -2 + 61 + 4. Let o be (3 - 57/21) + 220/14. What is the highest common factor of p and o?
16
Let q be 1 + 3/((-12)/16). Let d be (2 - q)*8/10. Calculate the greatest common factor of 8 and d.
4
Let n = 41 + -28. What is the greatest common factor of n and 13?
13
Let f be (((-270)/12)/9)/(2/(-4)). Let r = 9 - -86. Calculate the highest common factor of f and r.
5
Let k(t) = -t**3 - 8*t**2 + 9*t + 17. Let l be k(-9). Calculate the greatest common factor of 34 and l.
17
Suppose 5*r + u - 6*u - 135 = 0, 2*r - 51 = -u. Calculate the greatest common divisor of 1378 and r.
26
Suppose -34 = 9*i - 8*i. Let t = i + 40. Calculate the greatest common divisor of 3 and t.
3
Let b = 35 - 33. Let h be ((-36)/10)/(0 + b/(-15)). Calculate the highest common factor of h and 9.
9
Suppose x - 5*x + 8 = 0. Suppose -9 = -x*j - j. Calculate the greatest common factor of 6 and j.
3
Let t = 0 + 5. Let g = t + -1. Let z(m) = -3*m**3 - 5*m**2 - 5*m - 7. Let q be z(-3). Calculate the highest common divisor of g and q.
4
Suppose 4*z + 10 = 2*x, 4*z - 9*z = -2*x + 12. Calculate the highest common factor of 41 and x.
1
Let a be -3 + (-897)/(-1) + -9. Calculate the greatest common divisor of a and 30.
15
Suppose 0 = -2*j + 8. Suppose 5*w = 7*w - j. What is the highest common divisor of 2 and w?
2
Let x = -336 - -512. Let t = -13234 - -13250. Calculate the highest common factor of t and x.
16
Suppose -4*n = 4*o - 16, -2*o + 8 = -2*n - 3*n. Suppose o*v - 2 = 3*x - 0*x, 5*x = 5*v + 5. Calculate the highest common divisor of 2 and x.
2
Suppose -1 = 28*v - 27*v. Let z be -2 + 4 + (-15)/v. Calculate the greatest common factor of z and 136.
17
Suppose -123*y + 131*y - 1104 = 0. Calculate the highest common factor of y and 184.
46
Suppose -5*z - 2*z = -399. Calculate the highest common divisor of 6 and z.
3
Suppose -c = -2*c + 16. Let r be (((-426)/(-8))/((-2)/8))/(-1). Let i = -189 + r. What is the highest common factor of i and c?
8
Suppose -78 = -w - d, -2*w + 152 = -3*d + d. Suppose -16*r = -207 + 31. What is the highest common divisor of r and w?
11
Let y = 536 + -332. Calculate the highest common factor of 68 and y.
68
Suppose -66 = -r - 6. Let i be (-8)/24*r/(-2). Let h(v) = 50*v**3 - v**2 + v. Let o be h(1). Calculate the greatest common divisor of i and o.
10
Suppose 6*s = 237 + 69. Suppose s + 27 = 6*v. Calculate the highest common factor of 104 and v.
13
Let r be 702/10 + 12/(-10). What is the greatest common factor of 414 and r?
69
Let r = 9 + 4. Suppose 3*z - 7*y + 2*y = 69, y - 23 = -z. Suppose z*d = 21*d + 182. What is the greatest common divisor of r and d?
13
Suppose 5*d - 2 - 6 = s, 4*d - s = 6. Suppose -19*b = -6963 + 6849. Calculate the highest common factor of d and b.
2
Let o be (-2)/(-7) - 244/(-28). Suppose -11*p + 83 = 50. Calculate the greatest common divisor of p and o.
3
Suppose 0 = -19*j + 3196 + 5164. Calculate the greatest common factor of 352 and j.
88
Let r(y) = -2*y**2 - 4*y + 322. Let g be r(0). What is the greatest common divisor of 46 and g?
46
Suppose -4*p + 18 = 2*p. Suppose n = 5*q + p*n - 11, -3*q + 3*n - 6 = 0. Calculate the greatest common factor of 1 and q.
1
Suppose 2*d = -5*x + 858, 5*d + 5 = -0. Suppose 4*a - x = -k, k - 2*k - 122 = -3*a. Calculate the highest common divisor of 6 and a.
6
Suppose -2*g + 76 = 2*b, -2*b - 223 + 19 = -5*g. What is the greatest common factor of g and 40?
40
Let f = 95 - 57. Suppose -76 = -8*q + 4*q. Calculate the highest common factor of q and f.
19
Suppose 0 = -3*x - 0*x + 15. Suppose 0 = -x*v - 13 + 493. Suppos